he highest common factor of c and 42?
14
Let m be (-7 - -9)*30/4. Suppose m*g = 17*g. Let y be (117/(-2) + g)/(6/(-24)). Calculate the highest common divisor of 26 and y.
26
Let z(n) = 2*n**2 - n + 1. Let d be z(1). Suppose -16 = 16*r - 240. Calculate the highest common divisor of d and r.
2
Let q be (-86)/(-8) + 50/40. What is the highest common divisor of 48 and q?
12
Let i = -7 + 22. Suppose -40 = -5*x - i. Let l be 195/(-26)*(-2)/3. What is the highest common factor of l and x?
5
Let f(m) = 7*m + 482. Let x be f(64). Calculate the greatest common divisor of x and 90.
30
Let n(l) = -61*l + 721. Let g be n(-27). What is the highest common divisor of 37 and g?
37
Suppose -2*n - 118 = -3*k, -3*n + 3 = -0. Suppose u + 4*i = -0*u - 513, -1565 = 3*u - i. Let g = 621 + u. Calculate the highest common factor of k and g.
20
Let p = -114 - -107. Let i(s) = -4*s**3 - 11*s**2 - 4*s + 9. Let n be i(p). What is the highest common factor of 30 and n?
30
Suppose -238*p + 234*p + 5*g + 719 = 0, 0 = -3*p - g + 525. Calculate the highest common divisor of 253 and p.
11
Let t(c) = -24*c + 3. Let k be t(-3). Suppose 5*i = 32*i - 405. Suppose 13*m - i*m = -100. Calculate the greatest common factor of m and k.
25
Let n = -15 + 120. Suppose -8*m + 1556 = -124. Suppose -8*b = -18*b + m. What is the highest common factor of n and b?
21
Suppose 0 = 312*m - 314*m + 418. Let u = m - 205. Calculate the greatest common divisor of u and 44.
4
Let y(a) = -57*a - 8. Let w be y(-1). Let m = w + -50. Let f be (-15)/10 + (m - 399/(-6)). Calculate the highest common divisor of f and 16.
16
Suppose 0*s + 5*a - 337 = 2*s, -852 = 5*s - 3*a. Let q = -161 - s. Let j be (-2)/6 + 482/6. What is the highest common factor of q and j?
10
Suppose -3161 - 7514 = -538*v + 2237. What is the highest common divisor of 19104 and v?
24
Suppose -174*y = -8283 + 1323. Let h(m) = -m**3 + 11*m**2 - 8*m + 4. Let s be h(10). What is the greatest common divisor of s and y?
8
Suppose -x - 6*x + 45931 - 45875 = 0. Suppose 2*y - 7*y + 620 = 0. What is the highest common factor of x and y?
4
Suppose -9*j + 4067 = 5*j - 301. What is the greatest common factor of 24 and j?
24
Suppose 1541 = w - 9. Calculate the highest common factor of 100 and w.
50
Suppose 3*i - 2*y = 55, 27*y - 24*y + 60 = 3*i. Let h = i - -5. What is the greatest common factor of 180 and h?
20
Suppose -121*l + 954 = 4*c - 122*l, l - 966 = -4*c. What is the greatest common divisor of 645 and c?
15
Let i(q) = 5*q**2 - 6*q - 66. Let y be i(18). Calculate the highest common factor of y and 48.
6
Let g = -648 + 978. Let w be (g/6)/((-5)/3 + 2). Calculate the highest common divisor of 33 and w.
33
Suppose -143*r + 20*r - 93*r = -1296. What is the highest common factor of r and 657?
3
Let b be 72/5*(-7280)/(-156). Calculate the highest common factor of 392 and b.
56
Let r be -14*(60/(-16) - 3/(-12)). Suppose -121 = -5*h + r. What is the greatest common factor of 306 and h?
34
Let x(r) = -2925*r**3 - 5*r**2 + 3*r + 4. Let m be x(-1). What is the greatest common divisor of 92 and m?
23
Suppose 50 = -8*d - 150. Let z = -6 + 1. Let v be 2/z - 410/d. What is the greatest common factor of 4 and v?
4
Let v be 155/(-31) + 5/(20/21972) + 2. What is the highest common divisor of v and 90?
90
Suppose 0*o = -49*o - 2548. Let t be ((-648)/(-48))/((-3)/o). Calculate the greatest common divisor of 130 and t.
26
Let t be 43 + (-6)/(3 - 21/14). Let o be (25 - 2) + 3 + 0. Calculate the highest common factor of t and o.
13
Suppose 373*y - 50930 - 295697 = -74337. Calculate the highest common divisor of y and 10658.
146
Suppose -2*q - 4*r + 338 = 0, -3*q + 0*r = r - 482. Let j = -147 + q. Let w = -10 - -22. What is the greatest common divisor of j and w?
12
Let i(k) = k**3 + 2*k**2 - 74*k + 19. Let z be i(-9). Let o = z - 116. What is the greatest common divisor of o and 4?
2
Let s(k) = 2*k**3 + 2*k**2 - 7*k - 11. Let p be s(7). Suppose -4*i - 148 + p = 0. Let o = -69 + i. Calculate the highest common factor of o and 30.
15
Let d(c) = -3*c + 0*c - 20 - 42 - 4*c. Let x be d(-9). What is the highest common divisor of 3 and x?
1
Suppose -5*b - 781 = 3*p, 0 = -2*p + b - 102 - 423. Let z = -246 - p. What is the highest common divisor of 96 and z?
16
Suppose 2 = -2*j + i, -i + 3 = -3*j + 1. Suppose j*m = m + 16. Let u be (m/12)/((-12)/126). What is the greatest common divisor of u and 21?
7
Suppose 4*n - k - 336 = 0, 5*k = -3*n + 137 + 115. What is the highest common factor of n and 7448?
28
Suppose 3*k = 5*n - 1747, -35*n + 30*n + 1745 = -5*k. Calculate the greatest common factor of n and 126.
14
Suppose -10178 = 8*p - 11058. What is the greatest common divisor of 2618 and p?
22
Suppose -3*k - 5*z = 1376, -z - 1381 - 465 = 4*k. Let n = k - -469. What is the greatest common divisor of 5 and n?
1
Let c be (11/1)/(2*1/4). Suppose 3*r - 1748 = -3*g - g, 2*r - 3*g = 1188. Suppose 0 = 3*k + 60 - r. What is the greatest common divisor of k and c?
22
Let j(t) = -609*t + 1. Let f be j(1). Let k = -28 - f. Let v be k/18 - 38/171. What is the highest common factor of 8 and v?
8
Let q be (0 + 12)*9/6. Let i = 168 + -172. Let g(l) = 20*l + 224. Let p be g(i). What is the highest common factor of p and q?
18
Let h(i) = -37*i + 11. Let z be h(-6). Suppose 6*u = 2*u + c + z, 0 = -4*c - 4. Calculate the highest common divisor of u and 116.
58
Let i = 67 - 52. Let r be (-82)/615 - (-3707)/i. Calculate the highest common factor of r and 38.
19
Let a = 325 + -339. Let m(k) = k**3 + 13*k**2 - 19*k - 60. Let d be m(a). What is the highest common factor of d and 10?
10
Let z(g) = -11*g - 77. Let c be z(-7). Let y be (120/9)/(c - 2/(-9)). Calculate the greatest common divisor of y and 36.
12
Suppose 22*r - 9371 + 7127 = 0. Calculate the greatest common divisor of r and 15.
3
Suppose -8158*m = -8133*m - 675. Calculate the highest common divisor of m and 243.
27
Let o be (-96)/(-28)*1*(-4 + 3518). Calculate the greatest common divisor of 48 and o.
48
Let v = 13056 + -10688. What is the greatest common divisor of 74 and v?
74
Suppose -v + 394 = 3*b, -2*v = -6*b + 5*b - 823. Suppose 458 = 7*u + v. Calculate the highest common factor of 252 and u.
7
Let f(u) = -u**3 - 19*u**2 - 39*u - 72. Let a be f(-17). Calculate the greatest common divisor of a and 5161.
13
Let j = 436 - 330. Suppose 5*n - k - 68 - 90 = 0, -5*k = 3*n - j. What is the highest common factor of 288 and n?
32
Suppose 0 = -i + 29 - 21. Suppose -2*h + 1 - 5 = -2*x, -h + i = x. Suppose 3*s = -5*t, -s - t = h*s - 17. Calculate the highest common factor of 2 and s.
1
Suppose -5 = 3*c - 38. Let r(v) = 18 + 54 + v + 4 - c. Let y be r(11). Calculate the highest common divisor of y and 19.
19
Let n = -1684 - -1690. Let v be (-12)/(-15)*135/6. Calculate the greatest common factor of v and n.
6
Let f be (-665)/(-210) + 5/6. Suppose -250 = -x + 4*j - 31, -f*j + 195 = x. Calculate the highest common divisor of 115 and x.
23
Suppose 18 = 2*g - 2*n, 3*g - g - 15 = n. Let c(x) = 16*x**3 - 7*x**2 + 9*x - 4. Let a be c(2). Calculate the greatest common factor of a and g.
6
Let w be (-14378)/474*(-48)/7. Calculate the highest common divisor of w and 390.
26
Let a(y) = 74*y + 11. Let r be a(-3). Let s = -199 - r. Let p = 10 - -10. Calculate the greatest common factor of s and p.
4
Let b = 4632 + -4507. What is the highest common divisor of 8000 and b?
125
Suppose 5*u + 5*y = 1466 + 629, 4*y = 3*u - 1236. Let w be ((-2)/((-12)/3))/((-1)/(-52)). Calculate the greatest common factor of w and u.
26
Let k(x) = -x**3 + 41*x**2 + 8*x - 3. Let j be k(40). Calculate the greatest common divisor of j and 54.
27
Suppose -10*t = -12*t + 22. Suppose -t*u + 375 = 4*u. Calculate the greatest common divisor of 10 and u.
5
Let k(a) = 7*a - 37. Let l be k(6). Suppose 85*t = 86*t - l. Let z = -14 - -39. Calculate the greatest common factor of z and t.
5
Let v(g) = 188*g - 40. Let h be v(2). Suppose -296*d + 292*d + h = 0. Calculate the highest common divisor of d and 12.
12
Let p be (-2 - -5) + 5/(-5 + 0). Suppose 5*a + p*k = 154, -a + 2*k + 29 = 3*k. Calculate the greatest common divisor of a and 128.
32
Let s(a) = 9*a**2 - 30*a + 196. Let j be s(11). What is the greatest common factor of j and 25?
5
Let l = 1507 + -1167. What is the highest common factor of l and 4